t u be (4 - 1)/((-4)/(-36)). Let z = u - 23. Suppose -3*h = 4*q - 1324, 3*q = 7*q - z*h - 1324. Is q prime?
True
Let r(s) = -s**3 - 13*s**2 + 5. Let j be r(-13). Suppose 0 = 15*q - 1585 - 785. Suppose -q = -a - j*p, -4*a + 3*a - 2*p + 161 = 0. Is a a composite number?
False
Let p = -397 + 1998. Suppose -6*a - 79 = p. Let n = a + 702. Is n composite?
True
Let g be (5*(-24)/20)/((-3)/(-10)). Let r be 153 - (-5)/(g/(-8)). Suppose r = 20*t - 15*t. Is t a composite number?
False
Suppose -4*h - 296 + 31 = 5*w, 5*w + 3*h + 270 = 0. Let n be 24/(-132) - w/11. Is -1*(2 - 1875/n) composite?
False
Let b(c) = 1204*c**2 + 24*c + 77. Is b(-3) a prime number?
False
Let m be -8085 - 16*8/(-16). Let v = -4614 - m. Is v prime?
True
Is (-99)/165 + 227108/5 a composite number?
True
Suppose -44 = -2*a + 52. Let l be 16/a + (-14)/(-3). Suppose l*s = -3*i + 4608, -s + 2*s - 5*i - 916 = 0. Is s a prime number?
False
Suppose 250*j - 247*j = 15. Let r(x) = 35*x**3 + 2*x**2 + 4*x - 2. Let v be r(4). Suppose d + j*d - v = 0. Is d a prime number?
False
Let q = 83322 - 57713. Is q a composite number?
False
Let k = 265 - 263. Is (8605/k)/((-153)/(-18) + -8) prime?
False
Let i(d) = d**3 - d**2 - 31*d + 9. Let q be i(6). Suppose 5*g + 286 = q*x - 19046, 4*x + 2*g - 25802 = 0. Is x prime?
True
Suppose 2*o - 139761 + 3109 + 4314 = 0. Is o prime?
True
Let x be ((0 - 2)/4)/((-62)/3527428). Suppose 115704 = 7*n - x. Is n prime?
True
Let r = 37 - 34. Let p be (0 - -3)*((-44)/r + 3). Is 51/(-42)*-454 - (-10)/p composite?
True
Suppose 2*a = -0*a + 8, 3*d = -3*a + 1317. Let s = d + -183. Is s/4 + (-4)/(-1) composite?
False
Suppose 2*m = -5*b + 398283, 6*b - 477939 = 44*m - 47*m. Is b composite?
False
Let h(t) = 10*t**2 + 26*t - 4. Let q(j) = 2*j**2 + 12*j - 5. Let v be q(-7). Let m be h(v). Let s = -555 + m. Is s a composite number?
True
Let h be ((-26)/4)/(2/(-4)). Let d(s) = 6*s**2 - 29*s - 61. Let t(m) = -4*m**2 + 19*m + 40. Let q(z) = 5*d(z) + 7*t(z). Is q(h) a composite number?
False
Suppose -x = -5*k - 34, -68 = -x - 2*x - 2*k. Suppose 26*b - x*b = 8518. Is b a prime number?
True
Let y(n) = 36623*n - 6. Let o be y(1). Suppose 0 = -9*p + o + 171184. Is p a composite number?
True
Let g = -1685 + 4743. Suppose -7*o - 4*o + g = 0. Suppose -1850 = -6*q - o. Is q composite?
True
Let k(l) be the third derivative of 1103*l**4/24 - 25*l**3/6 + 10*l**2. Let w be k(4). Suppose 8*q - w = 4*q - t, 2*q - 2199 = 5*t. Is q a composite number?
False
Suppose 877*q + 33 = 866*q. Is 149385/12 - ((-6)/q)/(-8) prime?
False
Suppose 2*j - 5*u - 76090 = -7*u, -5*j - 4*u + 190230 = 0. Let f = -22655 + j. Is f composite?
True
Suppose -115 = q - 118. Suppose 2*z = -3*h + 871, -q*h + h - 5*z = -588. Let j = h - 170. Is j prime?
False
Let a be 16/(-10) + 12/20. Is (-176)/(-2) - ((1 - a) + -3) a composite number?
False
Let v be (1 + 13917/(-2))*448/(-280). Suppose -v = -4*c + 4*q, -c - 3*q = 4*c - 13931. Is c a prime number?
False
Let s(n) = -5*n**3 + 17*n**2 + 4*n - 275. Is s(-9) a prime number?
False
Is (408/32 - 16)*-128812 a composite number?
True
Suppose 3*q + 5*m = 269457, -4*m = 12*q - 17*q + 449021. Is q a prime number?
True
Suppose -20*m + 13*m = -105. Suppose c = h - 854, -m*c = 3*h - 16*c - 2560. Is h composite?
False
Suppose -a = -4*m + 1153527, -4*m + 576791 = -2*m + 5*a. Is m composite?
False
Let g(d) = -11728*d + 2269. Is g(-10) a composite number?
False
Let w(v) = -v + 9. Let j be w(6). Suppose 5572 + 1756 = 4*o. Suppose o = j*z + 2*k, 2*z - 2*k - 624 = z. Is z prime?
False
Let y(q) = -q**2 + 2*q + 2. Let p be y(3). Is (17870/8)/(8/(-32))*p composite?
True
Suppose 3*z - 8*l = -7*l + 4809, -5*l + 15 = 0. Let n = z + 767. Is n composite?
False
Let x be (-1)/(4/8*(-4)/6). Suppose 0*k + 548 = 5*k + g, 0 = -5*k + x*g + 556. Is (1 + -3 - -3)*(3 + k) prime?
True
Let c(z) = -z**2 - 1 + 16*z**3 + 12*z - 10*z - 17*z**3. Let y be c(-2). Is 0 + y + (-1216)/(-4) a composite number?
True
Suppose 0 = 4*v + 2*u + 76550, 46*u + 19141 = -v + 49*u. Let z = v + 33705. Is z composite?
True
Let x be 152/(-11) - 16/88. Let n be (-8)/28 + (8270/x - -3). Let b = n + 10957. Is b prime?
True
Let m(l) = -l**3 - 5*l**2 + 4. Let v be m(-5). Suppose 0 = -2*g + v, 0 = 7*f - 3*f + 5*g - 5538. Is f a prime number?
False
Let y(o) = 3*o - 28. Let n(x) = 2*x - 14. Let p(u) = -5*n(u) + 3*y(u). Let z be p(-17). Suppose 5*h + 4*g = 11685, -2*g = z*h - 5914 - 1095. Is h composite?
False
Let k(n) = 17*n**2 - 52*n + 5. Let z be k(-31). Let v = z + -9745. Is v a composite number?
False
Let o(c) = -1 - 17*c - 15*c**2 + 24*c + 744*c**2 + 8. Is o(-3) prime?
True
Let h(i) = 1598*i**2 - 22*i - 47. Is h(-6) prime?
False
Let t be (-5)/30*2 - 9904/6. Let f = t - -3324. Is f a prime number?
False
Let i be (-63)/35*-20*3. Is -92*(-5 - i/16) a prime number?
False
Suppose -5*o = 8*m - 12*m + 559, 3*o + 715 = 5*m. Let a = -110 + 53. Let d = m + a. Is d a composite number?
False
Suppose 0 = -5*f - 4*s + 456447, -984*f - s = -985*f + 91275. Is f a prime number?
True
Let f(w) = 3*w**3 + 2*w**2 - 75*w + 8. Let l be f(14). Suppose -5*p = -7*p + 2*g + l, -2*g = -5*p + 18961. Is p prime?
True
Let s be 305 - (2/(-4))/((-4)/24). Suppose -11*a = -s - 61. Suppose -a*l + 34*l = 2179. Is l a prime number?
True
Suppose -5*n + 3292855 = 2*l, n + n - 1317163 = -5*l. Is n prime?
False
Let s = -2029 - -508. Let z = s + 2608. Is z a composite number?
False
Let n be (37/1)/((-2)/4 + 0). Let x = -33 - n. Suppose -106 = -3*y + x. Is y a composite number?
True
Let v(a) = 20*a**2 + 13*a - 12. Let t be v(-17). Suppose -3*x + 16641 = -r + 4*r, x = 4*r + t. Let o = x + -3214. Is o a prime number?
True
Let b(q) = -q**2 - 9*q - 5. Let p be b(-6). Suppose 0 = -12*w + p*w - 40. Is (-2)/3*(-75540)/w a composite number?
False
Suppose 5 = 2*k + l - 75, 3*k + 2*l - 122 = 0. Let n(m) = 12*m + 9. Let a be n(4). Let q = a - k. Is q prime?
True
Is (-1)/(-1)*26/52*58246 a composite number?
False
Suppose 52095635 = 118*f - 55036919. Is f prime?
False
Let q = -26290 - -27619. Is q prime?
False
Suppose 5*l + 2*a = 144470, 5 = -2*a + a. Suppose -143*k + 139*k + l = 0. Let x = k - 5075. Is x a prime number?
False
Let y(p) = 70*p**2 + 9*p - 575. Is y(18) a prime number?
False
Suppose -3*x = -4*x. Let g(r) = -446*r + 20. Let o be g(-1). Suppose 15*b - 13*b - o = x. Is b a prime number?
True
Let d = 61 + -57. Suppose -d*y + 2333 = 3*l, 0 = 3*y + 29*l - 30*l - 1766. Is y composite?
False
Let d(c) = -20745*c - 5336. Is d(-53) a composite number?
True
Let b(g) = -494*g + 41863. Is b(0) composite?
False
Let s be 21/(-14) - ((-310)/4)/5. Suppose -48*n + s = -47*n. Suppose 5157 = -5*j + n*j. Is j prime?
False
Let t = 5170360 - 3053613. Is t prime?
True
Let j(y) = 79*y - 1183. Let m be j(15). Let c = 601 + -61. Suppose -b + n = -130, -m*n = 4*b - n - c. Is b a prime number?
False
Suppose -4*l + 17 - 9 = 0. Suppose -2*b + 4*n = 611 - 9245, 4*b - 17298 = l*n. Is b a composite number?
False
Suppose 6132 = 5*k - 33*k. Let i = k + 302. Is i composite?
False
Suppose 2*d + 2*w - 5 - 13 = 0, -5*w = -20. Let u be 76/10 + ((-3)/d - -1). Suppose -5662 + 278 = -u*t. Is t a composite number?
False
Let i be (52/(-78))/(3/(-18)). Let f(s) = 1327*s + 355. Is f(i) composite?
True
Suppose -23649396 + 2511279 = -85*a - 188*a. Is a a prime number?
False
Is (-211893)/(-99)*(-39)/(-1) a composite number?
True
Suppose -3374 - 19954 = -9*w. Let t = w - -625. Is t a prime number?
True
Let c(d) = -d + 1. Let j be c(0). Suppose 2*f - a + 3 - j = 0, -4*a - 10 = -2*f. Is 1661/3 + 2/f a composite number?
True
Let h = -11822 - -17838. Suppose 0*i = -3*i - 3*u - 9024, 2*i + u = -h. Is i/((-56)/7) - (0 + 3) a prime number?
True
Suppose 0 = -91*q + 100*q - 5364. Let h = q + 5567. Is h a composite number?
False
Suppose -33*x + 37*x - 465223 = -3*a, 4*x = -5*a + 775361. Is a a composite number?
False
Let s(l) = -22800*l + 319. Is s(-6) a composite number?
False
Let j be (-36)/(3*20/30). Is -1*((-4)/j - (-201655)/(-45)) a prime number?
True
Let a = 3283 - 14506. Let n = 1220 - a. Is n prime?
False
Let j be 196/70 - (1 - 4)/15. Suppose -j*y + z + 13781 = 0, 17*y - 19*y = z - 9184. Is y a composite number?
True
Let d = -317276 - -818353. Is d composite?
False
Suppose 1481*p - 2693886 = 1442*p. Is p prime?
False
Let a be (-4 + 4 + 24468/